 q(h) = -251*h - 3810. Give q(-15).
-45
Let u(z) = -146*z**2 - 1146*z + 172. What is u(-8)?
-4
Let x(n) = -n**3 - 5*n**2 - 51*n - 137. Give x(-3).
-2
Let m(o) = 112*o - 74. Determine m(0).
-74
Let v(r) = r**2 + 27*r + 99. Give v(-26).
73
Let r(v) = -34*v**2 - 112*v - 21. What is r(-3)?
9
Let i(n) = 163*n + 3787. Give i(-24).
-125
Let q(b) = 82*b + 29. Determine q(-3).
-217
Let c(g) = -g**2 - 76*g - 255. Give c(-72).
33
Let g(w) = 61*w + 462. Give g(-9).
-87
Let v(b) = -b**3 - 32*b**2 + 109. What is v(-32)?
109
Let x(n) = n**3 + 56*n**2 + 170*n + 587. What is x(-53)?
4
Let j(a) = 631*a + 1957. Calculate j(-3).
64
Let b(z) = -144*z + 1700. Calculate b(12).
-28
Let y(u) = -118*u + 20. Determine y(2).
-216
Let k(f) = 7*f**2 - 47*f - 1. Give k(6).
-31
Let s(x) = 338*x - 5043. Calculate s(15).
27
Let j(a) = a**3 - 5*a**2 - 42. What is j(5)?
-42
Let k(s) = 59*s + 142. Give k(-3).
-35
Let d(z) = -69*z + 547. Calculate d(17).
-626
Let z(t) = -5*t**2 - 11*t + 19. Give z(-5).
-51
Let w(b) = -6*b**2 - 710*b - 1621. Give w(-116).
3
Let o(b) = 53*b**2 - 1287*b - 4. Calculate o(24).
-364
Let d(f) = 738*f - 1480. Give d(2).
-4
Let y(f) = -38*f**3 + 370*f**2 + 102*f - 16. Calculate y(10).
4
Let y(l) = -l**2 - 46*l + 519. Give y(-55).
24
Let c(s) = -297*s + 1818. Give c(6).
36
Let u(w) = -2*w**2 + 15*w - 16. Give u(5).
9
Let k(i) = -60*i**2 + 24*i - 39. What is k(2)?
-231
Let l(k) = -33*k - 24. Determine l(-6).
174
Let w(l) = l**3 + 2*l**2 - 14*l + 11. Give w(5).
116
Let a(g) = -g**2 + 20*g - 3. Give a(20).
-3
Let n(b) = b**3 + 68*b**2 - 74*b - 5037. Give n(-68).
-5
Let y(q) = -157*q**2 + 5*q + 14. Give y(-2).
-624
Let s(w) = -12*w**2 + 25*w + 27. Calculate s(-1).
-10
Let f(t) = -24*t - 253. Determine f(-6).
-109
Let x(g) = -80*g + 241. What is x(3)?
1
Let t(b) = -b**2 - 19*b + 34. Calculate t(-25).
-116
Let r(k) = -1005*k - 9037. Give r(-9).
8
Let d(y) = 36*y + 2478. Calculate d(-71).
-78
Let p(g) = g**3 - 21*g**2 + 72*g + 351. Calculate p(14).
-13
Let d(s) = -s**3 - 4*s**2 + 6*s + 9. What is d(-5)?
4
Let d(y) = y**3 + 11*y**2 - 128*y - 66. What is d(-18)?
-30
Let q(t) = 28*t + 241. What is q(-9)?
-11
Let a(t) = 5*t**2 + 50*t + 152. Calculate a(-5).
27
Let t(m) = 4*m**2 + 165*m - 1862. What is t(9)?
-53
Let w(m) = m**3 + 36*m**2 + 238*m - 231. Determine w(-10).
-11
Let c(v) = -38*v**3 - v**2 - 16*v - 14. Calculate c(-1).
39
Let q(c) = 3*c**2 - 28*c + 1. Determine q(13).
144
Let y(v) = 41*v**2 + 6970*v + 17. Give y(-170).
17
Let h(r) = 29*r**2 + 116*r + 1. Calculate h(-4).
1
Let r(v) = -v**2 - 985*v + 30456. What is r(30)?
6
Let t(l) = l**3 - 153*l**2 + 16*l - 2456. Give t(153).
-8
Let z(p) = -p**3 + 7*p**2 + 26*p - 2. Give z(8).
142
Let y(u) = u**2 - 77*u - 1818. What is y(-19)?
6
Let b(h) = 11*h**3 + 21*h**2 + 6*h + 7. Determine b(-2).
-9
Let a(k) = -2*k**3 + k**2 + 10*k + 17. Determine a(-2).
17
Let r(b) = 16*b**3 - 4*b**2 - 3. Calculate r(2).
109
Let d(o) = -6*o + 160. Give d(29).
-14
Let y(f) = 58*f + 51. Give y(-3).
-123
Let d(m) = -m**3 - 4*m**2 + 2*m + 4. Determine d(3).
-53
Let m(l) = 1578*l - 97839. Calculate m(62).
-3
Let v(t) = 23*t**2 + 731*t - 732. Give v(1).
22
Let p(z) = z**3 + 50*z**2 - 101*z + 173. Determine p(-52).
17
Let r(h) = h**3 + 30*h**2 - 31*h - 51. Give r(-31).
-51
Let y(f) = -35*f - 939. Determine y(-23).
-134
Let a(l) = 2*l**2 - 1286*l - 5173. Give a(-4).
3
Let p(z) = -z**2 + 27*z + 24. Give p(29).
-34
Let r(x) = -161*x + 303. Determine r(4).
-341
Let i(k) = 122*k + 16. What is i(-1)?
-106
Let z(g) = 147*g + 651. Give z(-5).
-84
Let g(m) = m**2 + 109*m - 1073. Determine g(9).
-11
Let u(n) = n**2 - 112*n + 2142. Give u(89).
95
Let u(r) = r**2 + 24*r - 111. What is u(4)?
1
Let r(h) = -h**3 - 12*h**2 - 21*h + 2. What is r(-9)?
-52
Let v(o) = 2*o**3 - 8*o**2 - 12*o + 135. What is v(7)?
345
Let g(z) = -z**2 + 5*z + 207. Determine g(-17).
-167
Let w(r) = 68*r**2 - 4*r + 10. What is w(1)?
74
Let q(g) = -14*g - 664. Calculate q(-78).
428
Let f(c) = 381*c**2 - 8007*c + 128. What is f(21)?
2
Let c(o) = -o - 149. Determine c(-145).
-4
Let j(x) = 2*x**2 - 93*x + 752. Calculate j(11).
-29
Let u(q) = -29*q - 57. Determine u(6).
-231
Let z(q) = 4*q + 50. Determine z(-13).
-2
Let w(l) = -10*l - 10. Calculate w(-8).
70
Let c(t) = -t**3 + 85*t**2 + 747*t - 287. Calculate c(93).
-8
Let j(g) = -g**3 + 95*g**2 + 152*g + 4084. Give j(97).
10
Let k(m) = 318*m - 12396. Determine k(39).
6
Let v(z) = -89*z + 958. Calculate v(11).
-21
Let k(q) = 3*q**3 - 14*q**2 + 2*q - 25. What is k(5)?
10
Let u(p) = -49*p + 6. Determine u(3).
-141
Let i(q) = q - 70. Determine i(82).
12
Let n(j) = -j**3 - 10*j**2 - 18*j - 43. What is n(-12)?
461
Let p(u) = 2*u**3 + 10*u**2 - 3*u - 19. Calculate p(-5).
-4
Let k(o) = 3*o**2 + 33*o + 23. Determine k(-11).
23
Let l(d) = -371*d**2 + 20404*d + 54. Give l(55).
-1
Let c(n) = 189*n + 12463. Give c(-66).
-11
Let l(c) = c**2 + 69*c + 413. Determine l(-6).
35
Let w(c) = c**2 + 74*c - 543. What is w(7)?
24
Let j(a) = -2*a**3 + 8*a**2 - 10*a + 6. Calculate j(2).
2
Let z(j) = 5*j**2 + 285*j + 1070. Calculate z(-53).
10
Let w(m) = -9*m**3 + 1265*m**2 + 560*m + 567. Determine w(141).
3
Let j(b) = -b**2 - 53*b - 748. What is j(-28)?
-48
Let c(k) = k**2 + 11*k + 44. Give c(-5).
14
Let y(a) = a**3 - 19*a**2 + 55*a + 5. Give y(4).
-15
Let s(m) = 59*m - 32. Calculate s(5).
263
Let y(a) = 31*a**2 + 277*a - 10. Give y(-9).
8
Let o(v) = -v**3 + 10*v**2 - 34*v + 72. What is o(8)?
-72
Let q(x) = -x**3 - 5*x**2 + 82*x + 407. Calculate q(-5).
-3
Let z(b) = b**2 - 207*b + 1235. Give z(6).
29
Let m(d) = -256*d - 1804. Calculate m(-7).
-12
Let x(s) = 26*s**2 + 490*s + 491. Calculate x(-1).
27
Let b(h) = 2*h**3 + 6*h**2 + 24*h + 130. Determine b(-4).
2
Let i(g) = g**3 + 14*g**2 - 22*g - 74. Give i(-15).
31
Let d(t) = 2*t**2 - 208*t + 3216. What is d(85)?
-14
Let j(k) = 2*k**2 - 29*k + 112. Calculate j(4).
28
Let a(h) = 780*h + 7784. What is a(-10)?
-16
Let f(i) = -44*i + 821. Give f(10).
381
Let a(l) = -6*l**3 + 9*l**2 - 48*l + 80. Determine a(2).
-28
Let g(s) = -43*s + 586. Determine g(16).
-102
Let r(z) = -z**3 + 23*z**2 - 11*z - 198. Give r(22).
44
Let n(l) = -20*l**2 + 32*l + 13. Give n(3).
-71
Let x(v) = v + 2. What is x(2)?
4
Let a(y) = -18*y**3 + 6*y**2 + 11*y + 4. Calculate a(-2).
150
Let a(b) = -14*b**2 - 9*b + 2. What is a(1)?
-21
Let h(j) = j**2 + 1665*j + 13261. Calculate h(-8).
5
Let y(b) = -9*b**2 - 37*b - 2. Determine y(-7).
-184
Let f(d) = 9*d - 92. What is f(9)?
-11
Let r(s) = s**2 - 111*s - 812. Determine r(-7).
14
Let f(y) = 2*y**2 + 73*y - 137. Determine f(-38).
-23
Let y(i) = i**2 + 705*i + 3534. Determine y(-5).
34
Let b(x) = x**3 + 2*x**2 - 5*x - 150. Determine b(0).
-150
Let c(t) = 2*t**2 + 12*t - 10. Give c(1).
4
Let p(r) = -1621*r - 94003. What is p(-58)?
15
Let y(c) = c**3 + 17*c**2 - 40*c + 33. Determine y(-19).
71
Let r(h) = -h**3 - 7*h**2 + 16*h - 565. Calculate r(-12).
-37
Let p(h) = h**3 + 66*h + 213. Determine p(-3).
-12
Let b(m) = 18*m**2 - 91*m + 66. Determine b(4).
-10
Let l(w) = -2*w**3 - 3*w**2 + 130*w + 619. Give l(-5).
144
Let g(f) = -24*f**2 - 22*f - 36. Give g(-2).
-88
Let q(u) = 6*u**3 + 12*u**2 + 6*u - 35. Give q(-6).
-935
Let d(y) = y**3 + 69*y**2 - 301*y + 33. Calculate d(4).
-3
Let g(m) = m**2 - 21*m - 266. What is g(30)?
4
Let j(m) = -m**3 + 5*m**2 - 14*m + 8. Give j(4).
-32
Let p(u) = 499*u + 4003. What is p(-8)?
11
Let z(t) = -5*t**2 - 283*t - 1186. Calculate z(-52).
10
Let n(i) = 2*i**3 - 7*i**2 + 2*i + 17. Calculate n(-3).
-106
Let l(j) = 2*j**2 - 24*j + 5. What is l(11)?
-17
Let l(i) = i**3 - 18*i**2 - 181*i - 50. Give l(-7).
-8
Let g(j) = 178*j**2 - 10*j - 12. Give g(-1).
176
Let b(l) = -116*l - 280. Determine b(0).
-280
Let r(i) = i**3 - 35*i**2 - 64*i - 394. Give r(37).
-24
Let v(z) = -z**3 - 134*z**2 - 386*z + 902. Give v(-131).
-15
Let u(k) = -21*k**3 + 418*k**2 + 52*k - 215. What is u(20)?
25
Let d(j) = -6*j**3 - 17*j**2 - 56*j - 18. Determine d(-5).
587
Let y(s) = -s**2 + 13*s + 78. Give y(16).
30
Let q(a) = a**2 - 9*a - 26. Determine q(21).
226
Let w(c) = 6*c**3 - 318*c**2 - 6*c + 309. Calculate w(53).
-9
Let k(u) = 540*u - 6518. Determine k(12).
-38
Let d(f) = 4822*f - 81978. Calculate d(17).
-4
Let k(w) = -3*w**3 - 34*w**2 + 119*w + 58. Give k(-14).
-40
Let a(k) = -k**3 - 2*k**2 + 10*k + 18